{"id":39,"date":"2025-01-14T10:43:30","date_gmt":"2025-01-14T09:43:30","guid":{"rendered":"https:\/\/weldzone.hu\/?page_id=39"},"modified":"2025-01-14T14:35:13","modified_gmt":"2025-01-14T13:35:13","slug":"lakossagi-megoldasok","status":"publish","type":"page","link":"https:\/\/weldzone.hu\/?page_id=39","title":{"rendered":"Lakoss\u00e1gi Megold\u00e1sok"},"content":{"rendered":"\n<div class=\"wp-block-cover\"><span aria-hidden=\"true\" class=\"wp-block-cover__background has-background-dim\"><\/span><img fetchpriority=\"high\" decoding=\"async\" width=\"1024\" height=\"768\" class=\"wp-block-cover__image-background wp-image-93\" alt=\"\" src=\"https:\/\/weldzone.hu\/wp-content\/uploads\/2025\/01\/IMG_1830-1024x768.jpeg\" style=\"object-position:77% 19%\" data-object-fit=\"cover\" data-object-position=\"77% 19%\" srcset=\"https:\/\/weldzone.hu\/wp-content\/uploads\/2025\/01\/IMG_1830-1024x768.jpeg 1024w, https:\/\/weldzone.hu\/wp-content\/uploads\/2025\/01\/IMG_1830-300x225.jpeg 300w, https:\/\/weldzone.hu\/wp-content\/uploads\/2025\/01\/IMG_1830-768x576.jpeg 768w, https:\/\/weldzone.hu\/wp-content\/uploads\/2025\/01\/IMG_1830-1536x1152.jpeg 1536w, https:\/\/weldzone.hu\/wp-content\/uploads\/2025\/01\/IMG_1830-2048x1536.jpeg 2048w\" sizes=\"(max-width: 1024px) 100vw, 1024px\" \/><div class=\"wp-block-cover__inner-container is-layout-flow wp-block-cover-is-layout-flow\">\n<p class=\"has-text-align-right has-x-large-font-size\">Egyedis\u00e9g magas<br>min\u0151s\u00e9ggel p\u00e1ros\u00edtva <\/p>\n\n\n\n<p class=\"has-text-align-right has-medium-font-size\">Motoros pergol\u00e1k \u00e9s lakberendez\u00e9si megold\u00e1sok<\/p>\n<\/div><\/div>\n\n\n\n<div class=\"wp-block-columns is-layout-flex wp-container-core-columns-is-layout-9d6595d7 wp-block-columns-is-layout-flex\">\n<div class=\"wp-block-column is-layout-flow wp-block-column-is-layout-flow\">\n<p><strong>K\u00fclt\u00e9ri \u00e1rny\u00e9kol\u00e1s, t\u00e9rfed\u00e9s<\/strong><br><br>V\u00e1ltoztassa lak\u00f3t\u00e9rr\u00e9 k\u00fcls\u0151 tereit pergol\u00e1ink seg\u00edts\u00e9g\u00e9vel. Legyen sz\u00f3 erk\u00e9lyr\u0151l, teraszr\u00f3l, vagy szabadon \u00e1ll\u00f3 ter\u00fcletr\u0151l, mi egyedi m\u00e9retben \u00e9s sz\u00ednben elk\u00e9sz\u00edtj\u00fck a meg\u00e1lmodott \u00e1rny\u00e9kol\u00e1si rendszert.<br><br><strong>Mib\u0151l \u00e1ll a folyamat? <\/strong><br><br>\u00dcgyfeleink legt\u00f6bbsz\u00f6r az els\u0151 tal\u00e1lkoz\u00e1skor mind\u00f6ssze annyiban biztosak, hogy \u00e1rny\u00e9kol\u00e1st szeretn\u00e9nek. Ekkor kezd\u0151dik el a k\u00f6z\u00f6s gondolkoz\u00e1s, \u00f6tletel\u00e9s szakembereinkkel. Milyen m\u00e9ret, milyen forma, milyen anyag, milyen sz\u00edn? MIlyen funkci\u00f3t t\u00f6lts\u00f6n be? Az \u00f6tletekb\u0151l ez alapj\u00e1n \u00e1raj\u00e1nlat, majd 3D rajz k\u00e9sz\u00fcl, ennek j\u00f3v\u00e1hagy\u00e1s\u00e1t k\u00f6vet\u0151en pedig elindul a gy\u00e1rt\u00e1s, v\u00e9g\u00fcl a telep\u00edt\u00e9s.<\/p>\n<\/div>\n\n\n\n<div class=\"wp-block-column is-layout-flow wp-block-column-is-layout-flow\">\n<p><strong>Mennyi id\u0151 alatt k\u00e9sz\u00fcl el a meg\u00e1lmodott \u00e1rny\u00e9kol\u00e1si rendszer?<\/strong><br>Az id\u0151 mindig f\u00fcgg a szerkezet bonyolults\u00e1g\u00e1t\u00f3l, illetve c\u00e9g\u00fcnk leterhelts\u00e9g\u00e9t\u0151l. T\u00e1mpontnak azt szoktuk mondani, hogy a tervek j\u00f3v\u00e1hagy\u00e1s\u00e1t k\u00f6vet\u0151en a gy\u00e1rt\u00e1s nagyj\u00e1b\u00f3l 6 hetet vesz ig\u00e9nybe.<\/p>\n\n\n\n<p><br><strong>Mennyibe ker\u00fcl az \u00e1rny\u00e9kol\u00e1si rendszer?<\/strong><\/p>\n\n\n\n<p>Mivel minden \u00e1rny\u00e9kol\u00e1si rendszer amit mi k\u00e9sz\u00edt\u00fcnk egyedi, nem dolgozunk sablonokkal, \u00edgy minden \u00e1raj\u00e1nlat m\u00e1s. Sz\u00e1munkra az \u00e1tl\u00e1that\u00f3s\u00e1g \u00e9s a bizalom alapelvek, \u00edgy \u00e1raj\u00e1nlatainkban minden k\u00f6lts\u00e9g r\u00e9szletezve van \u00e9s ut\u00e1nk\u00f6vethet\u0151.<\/p>\n<\/div>\n<\/div>\n\n\n\n<div class=\"wp-block-columns is-layout-flex wp-container-core-columns-is-layout-9d6595d7 wp-block-columns-is-layout-flex\">\n<div class=\"wp-block-column is-layout-flow wp-block-column-is-layout-flow\">\n<div class=\"wp-block-columns is-layout-flex wp-container-core-columns-is-layout-9d6595d7 wp-block-columns-is-layout-flex\">\n<div class=\"wp-block-column is-layout-flow wp-block-column-is-layout-flow\">\n<figure class=\"wp-block-image size-full\"><img decoding=\"async\" width=\"296\" height=\"296\" src=\"https:\/\/weldzone.hu\/wp-content\/uploads\/2025\/01\/lakossagi-4-edited.jpg\" alt=\"\" class=\"wp-image-98\" srcset=\"https:\/\/weldzone.hu\/wp-content\/uploads\/2025\/01\/lakossagi-4-edited.jpg 296w, https:\/\/weldzone.hu\/wp-content\/uploads\/2025\/01\/lakossagi-4-edited-150x150.jpg 150w\" sizes=\"(max-width: 296px) 100vw, 296px\" \/><\/figure>\n<\/div>\n\n\n\n<div class=\"wp-block-column is-layout-flow wp-block-column-is-layout-flow\">\n<figure class=\"wp-block-image size-full\"><img decoding=\"async\" width=\"524\" height=\"524\" src=\"https:\/\/weldzone.hu\/wp-content\/uploads\/2025\/01\/lakossagi-2.jpg\" alt=\"\" class=\"wp-image-99\" srcset=\"https:\/\/weldzone.hu\/wp-content\/uploads\/2025\/01\/lakossagi-2.jpg 524w, https:\/\/weldzone.hu\/wp-content\/uploads\/2025\/01\/lakossagi-2-300x300.jpg 300w, https:\/\/weldzone.hu\/wp-content\/uploads\/2025\/01\/lakossagi-2-150x150.jpg 150w\" sizes=\"(max-width: 524px) 100vw, 524px\" \/><\/figure>\n<\/div>\n<\/div>\n<\/div>\n\n\n\n<div class=\"wp-block-column is-layout-flow wp-block-column-is-layout-flow\">\n<div class=\"wp-block-columns is-layout-flex wp-container-core-columns-is-layout-9d6595d7 wp-block-columns-is-layout-flex\">\n<div class=\"wp-block-column is-layout-flow wp-block-column-is-layout-flow\">\n<figure class=\"wp-block-image size-full\"><img loading=\"lazy\" decoding=\"async\" width=\"452\" height=\"452\" src=\"https:\/\/weldzone.hu\/wp-content\/uploads\/2025\/01\/lakossagi-3-edited.jpg\" alt=\"\" class=\"wp-image-101\" srcset=\"https:\/\/weldzone.hu\/wp-content\/uploads\/2025\/01\/lakossagi-3-edited.jpg 452w, https:\/\/weldzone.hu\/wp-content\/uploads\/2025\/01\/lakossagi-3-edited-300x300.jpg 300w, https:\/\/weldzone.hu\/wp-content\/uploads\/2025\/01\/lakossagi-3-edited-150x150.jpg 150w\" sizes=\"(max-width: 452px) 100vw, 452px\" \/><\/figure>\n<\/div>\n\n\n\n<div class=\"wp-block-column is-layout-flow wp-block-column-is-layout-flow\">\n<figure class=\"wp-block-image size-large\"><img loading=\"lazy\" decoding=\"async\" width=\"2560\" height=\"2560\" src=\"https:\/\/weldzone.hu\/wp-content\/uploads\/2025\/01\/IMG_8327-edited-scaled.jpeg\" alt=\"\" class=\"wp-image-104\" srcset=\"https:\/\/weldzone.hu\/wp-content\/uploads\/2025\/01\/IMG_8327-edited-scaled.jpeg 2560w, https:\/\/weldzone.hu\/wp-content\/uploads\/2025\/01\/IMG_8327-edited-300x300.jpeg 300w, https:\/\/weldzone.hu\/wp-content\/uploads\/2025\/01\/IMG_8327-edited-1024x1024.jpeg 1024w, https:\/\/weldzone.hu\/wp-content\/uploads\/2025\/01\/IMG_8327-edited-150x150.jpeg 150w, https:\/\/weldzone.hu\/wp-content\/uploads\/2025\/01\/IMG_8327-edited-768x768.jpeg 768w, https:\/\/weldzone.hu\/wp-content\/uploads\/2025\/01\/IMG_8327-edited-1536x1536.jpeg 1536w, https:\/\/weldzone.hu\/wp-content\/uploads\/2025\/01\/IMG_8327-edited-2048x2048.jpeg 2048w\" sizes=\"(max-width: 2560px) 100vw, 2560px\" \/><\/figure>\n<\/div>\n<\/div>\n<\/div>\n<\/div>\n\n\n\n<div class=\"wp-block-columns is-layout-flex wp-container-core-columns-is-layout-9d6595d7 wp-block-columns-is-layout-flex\">\n<div class=\"wp-block-column is-layout-flow wp-block-column-is-layout-flow\">\n<p>Tov\u00e1bbi inform\u00e1ci\u00f3\u00e9rt l\u00e9pj vel\u00fcnk kapcsolatba<\/p>\n<\/div>\n\n\n\n<div class=\"wp-block-column is-layout-flow wp-block-column-is-layout-flow\"><\/div>\n<\/div>\n\n\n\n<p>Email: info@weldzone.hu<br>Telefonsz\u00e1m: 0630\/240-2293<\/p>\n","protected":false},"excerpt":{"rendered":"<p>K\u00fclt\u00e9ri \u00e1rny\u00e9kol\u00e1s, t\u00e9rfed\u00e9s V\u00e1ltoztassa lak\u00f3t\u00e9rr\u00e9 k\u00fcls\u0151 tereit pergol\u00e1ink seg\u00edts\u00e9g\u00e9vel. Legyen sz\u00f3 erk\u00e9lyr\u0151l, teraszr\u00f3l, vagy szabadon \u00e1ll\u00f3 ter\u00fcletr\u0151l, mi egyedi m\u00e9retben \u00e9s sz\u00ednben elk\u00e9sz\u00edtj\u00fck a meg\u00e1lmodott \u00e1rny\u00e9kol\u00e1si rendszert. Mib\u0151l \u00e1ll a folyamat? \u00dcgyfeleink legt\u00f6bbsz\u00f6r az els\u0151 tal\u00e1lkoz\u00e1skor mind\u00f6ssze annyiban biztosak, hogy \u00e1rny\u00e9kol\u00e1st szeretn\u00e9nek. Ekkor kezd\u0151dik el a k\u00f6z\u00f6s gondolkoz\u00e1s, \u00f6tletel\u00e9s szakembereinkkel. [&hellip;]<\/p>\n","protected":false},"author":1,"featured_media":0,"parent":0,"menu_order":0,"comment_status":"open","ping_status":"closed","template":"","meta":{"footnotes":""},"class_list":["post-39","page","type-page","status-publish","hentry"],"_links":{"self":[{"href":"https:\/\/weldzone.hu\/index.php?rest_route=\/wp\/v2\/pages\/39","targetHints":{"allow":["GET"]}}],"collection":[{"href":"https:\/\/weldzone.hu\/index.php?rest_route=\/wp\/v2\/pages"}],"about":[{"href":"https:\/\/weldzone.hu\/index.php?rest_route=\/wp\/v2\/types\/page"}],"author":[{"embeddable":true,"href":"https:\/\/weldzone.hu\/index.php?rest_route=\/wp\/v2\/users\/1"}],"replies":[{"embeddable":true,"href":"https:\/\/weldzone.hu\/index.php?rest_route=%2Fwp%2Fv2%2Fcomments&post=39"}],"version-history":[{"count":5,"href":"https:\/\/weldzone.hu\/index.php?rest_route=\/wp\/v2\/pages\/39\/revisions"}],"predecessor-version":[{"id":122,"href":"https:\/\/weldzone.hu\/index.php?rest_route=\/wp\/v2\/pages\/39\/revisions\/122"}],"wp:attachment":[{"href":"https:\/\/weldzone.hu\/index.php?rest_route=%2Fwp%2Fv2%2Fmedia&parent=39"}],"curies":[{"name":"wp","href":"https:\/\/api.w.org\/{rel}","templated":true}]}}